it of 3895943338?
5
What is the thousands digit of 460742943?
2
What is the thousands digit of 571114420?
4
What is the hundred thousands digit of 26108305?
1
What is the hundred millions digit of 153445109?
1
What is the thousands digit of 1349484657?
4
What is the ten thousands digit of 79271697?
7
What is the millions digit of 131278144?
1
What is the hundred thousands digit of 2321475813?
4
What is the hundred thousands digit of 506276137?
2
What is the hundreds digit of 91334896?
8
What is the thousands digit of 56877224?
7
What is the ten thousands digit of 2143620437?
2
What is the ten millions digit of 445270240?
4
What is the hundreds digit of 104877899?
8
What is the billions digit of 3024172170?
3
What is the ten thousands digit of 9337198?
3
What is the ten millions digit of 109929003?
0
What is the thousands digit of 603507692?
7
What is the hundred millions digit of 587281016?
5
What is the hundred thousands digit of 164211120?
2
What is the ten thousands digit of 78785365?
8
What is the hundred thousands digit of 349510228?
5
What is the millions digit of 47876106?
7
What is the ten thousands digit of 2166611677?
1
What is the units digit of 5245233476?
6
What is the hundreds digit of 4723506149?
1
What is the millions digit of 1033500689?
3
What is the millions digit of 5240102?
5
What is the thousands digit of 953850141?
0
What is the ten thousands digit of 937052138?
5
What is the hundreds digit of 72173511?
5
What is the ten thousands digit of 93977772?
7
What is the units digit of 56019466?
6
What is the units digit of 2319593640?
0
What is the hundreds digit of 548239651?
6
What is the ten thousands digit of 33910369?
1
What is the ten millions digit of 610521999?
1
What is the hundred thousands digit of 181339211?
3
What is the ten thousands digit of 58227451?
2
What is the hundreds digit of 23894336?
3
What is the billions digit of 1377613335?
1
What is the ten thousands digit of 2469501423?
0
What is the tens digit of 22681557?
5
What is the tens digit of 69480331?
3
What is the tens digit of 261187671?
7
What is the hundred millions digit of 353064554?
3
What is the millions digit of 83287784?
3
What is the thousands digit of 541085724?
5
What is the thousands digit of 24219886?
9
What is the millions digit of 11520835?
1
What is the ten thousands digit of 34348626?
4
What is the units digit of 1171432939?
9
What is the millions digit of 388343798?
8
What is the thousands digit of 63085497?
5
What is the tens digit of 863884516?
1
What is the units digit of 16200814?
4
What is the hundred thousands digit of 671856?
6
What is the tens digit of 27289426?
2
What is the tens digit of 24896371?
7
What is the thousands digit of 467299607?
9
What is the hundred millions digit of 408561356?
4
What is the tens digit of 3521232419?
1
What is the hundreds digit of 645853520?
5
What is the ten thousands digit of 1391524723?
2
What is the ten thousands digit of 360382549?
8
What is the ten millions digit of 91769545?
9
What is the ten thousands digit of 405765734?
6
What is the tens digit of 75438927?
2
What is the tens digit of 496410593?
9
What is the millions digit of 415210825?
5
What is the millions digit of 68385249?
8
What is the ten millions digit of 2295486671?
9
What is the hundred thousands digit of 1242238321?
2
What is the hundred millions digit of 371198903?
3
What is the millions digit of 1124452668?
4
What is the hundred thousands digit of 586041434?
0
What is the units digit of 27106188?
8
What is the millions digit of 662873495?
2
What is the millions digit of 378523776?
8
What is the hundred millions digit of 434038690?
4
What is the millions digit of 4565277963?
5
What is the ten thousands digit of 3709886636?
8
What is the tens digit of 1866325506?
0
What is the ten millions digit of 89361149?
8
What is the hundred thousands digit of 1679429640?
4
What is the hundreds digit of 200247067?
0
What is the tens digit of 833803348?
4
What is the units digit of 74034917?
7
What is the thousands digit of 31152627?
2
What is the hundred thousands digit of 332996473?
9
What is the hundred thousands digit of 155661584?
6
What is the tens digit of 1794943044?
4
What is the tens digit of 1376815713?
1
What is the billions digit of 2685633453?
2
What is the tens digit of 1512050787?
8
What is the thousands digit of 121129280?
9
What is the hundreds digit of 2408050919?
9
What is the billions digit of 2393660134?
2
What is the hundred thousands digit of 60883027?
8
What is the millions digit of 195730483?
5
What is the tens digit of 4293813187?
8
What is the millions digit of 1132011258?
2
What is the hundred thousands digit of 3925965959?
9
What is the hundreds digit of 44070832?
8
What is the tens digit of 30439701?
0
What is the units digit of 7706647269?
9
What is the ten thousands digit of 47540613?
4
What is the tens digit of 635051680?
8
What is the hundred millions digit of 311512341?
3
What is the hundred thousands digit of 297047861?
0
What is the hundred thousands digit of 203344719?
3
What is the ten millions digit of 5048122064?
4
What is the ten millions digit of 519322514?
1
What is the thousands digit of 138162596?
2
What is the tens digit of 432481602?
0
What is the millions digit of 206131479?
6
What is the ten thousands digit of 43009578?
0
What is the tens digit of 405403835?
3
What is the hundred millions digit of 7311024715?
3
What is the ten millions digit of 145889743?
4
What is the millions digit of 341892328?
1
What is the ten thousands digit of 32280964?
8
What is the thousands digit of 1062725246?
5
What is the units digit of 124185311?
1
What is the hundred thousands digit of 337140594?
1
What is the hundred thousands digit of 463307455?
3
What is the units digit of 2490411278?
8
What is the hundred thousands digit of 394342773?
3
What is the ten millions digit of 715575131?
1
What is the ten millions digit of 183849487?
8
What is the hundreds digit of 588195355?
3
What is the hundred millions digit of 1193037671?
1
What is the hundred thousands digit of 463354618?
3
What is the thousands digit of 502691693?
1
What is the thousands digit of 7482075934?
5
What is the tens digit of 20871332?
3
What is the thousands digit of 1418397776?
7
What is the hundred thousands digit of 3264442682?
4
What is the ten thousands digit of 6660552452?
5
What is the hundreds digit of 70248774?
7
What is the thousands digit of 69834701?
4
What is the hundred millions digit of 355987342?
3
What is the hundred millions digit of 278584659?
2
What is the millions digit of 25811489?
5
What is the millions digit of 2039858105?
9
What is the millions digit of 35301913?
5
What is the units digit of 6734924?
4
What is the ten thousands digit of 122420320?
2
What is the hundreds digit of 1194843519?
5
What is the ten thousands digit of 36069467?
6
What is the tens digit of 47936884?
8
What is the millions digit of 60225538?
0
What is the thousands digit of 1814029557?
9
What is the hundred millions digit of 196174052?
1
What is the hundreds digit of 206598565?
5
What is the thousands digit of 73539104?
9
What is the thousands digit of 12821055?
1
What is the tens digit of 1457159172?
7
What is the thousands digit of 108767826?
7
What is the millions digit of 249519424?
9
What is the ten millions digit of 738055644?
3
What is the thousands digit of 6771057?
1
What is the billions digit of 1920346599?
1
What is the hundreds digit of 605178456?
4
What is the tens digit of 197036374?
7
What is the units digit of 1782938090?
0
What is the thousands digit of 1269030738?
0
What is the millions digit of 64749526?
4
What is the units digit of 1882592139?
9
What is the hundred millions digit of 269486539?
2
What is the hundred thousands digit of 185447944?
4
What is the tens digit of 133804353?
5
What is the ten thousands digit of 22112534?
1
What is the ten thousands digit of 35884490?
8
What is the ten millions digit of 55608368?
5
What is the millions digit of 1070212239?
0
What is the hundreds digit of 53564693?
6
What is the millions digit of 497827711?
7
What is the units digit of 102536769?
9
What is the tens digit of 982033074?
7
What is the thousands digit of 9298575719?
5
What is the tens digit of 648044514?
1
What is the